*n - x*n + 90. What are the prime factors of 4/n - (-16)/9?
2
Let h = 47 - 23. Let n = h + -14. What are the prime factors of n?
2, 5
Let r be ((-6)/(-5))/((-8)/(-20)). Suppose s - 7 = -r. What are the prime factors of (2/5)/(s/100)?
2, 5
Let d = 89 + -60. What are the prime factors of d?
29
Let v = 28 + 10. List the prime factors of v.
2, 19
Let z(m) = -m - 6. Let k(t) = -1. Let a(v) = 11*k(v) - 2*z(v). Let w be a(1). Suppose w*s = 35 - 14. What are the prime factors of s?
7
Let l(r) = r + 1. Suppose z - 12 = -2*t - 0*t, 3*z - 32 = -5*t. Let n(q) = -2*q - 9. Let f(a) = t*l(a) + n(a). What are the prime factors of f(7)?
3
Let z(l) be the second derivative of -l**3/3 - l**2 - 3*l. Let u be z(-4). Let w = u + 4. What are the prime factors of w?
2, 5
Suppose 92 = 7*b + 1. List the prime factors of b.
13
Suppose h - 38 = 20. What are the prime factors of h?
2, 29
Suppose 140 = -o + 5*o. What are the prime factors of o?
5, 7
Let j(p) be the first derivative of 11*p**2 + 3. List the prime factors of j(1).
2, 11
Let r = -85 + 150. Suppose -4*m + r - 13 = 0. What are the prime factors of m?
13
Let i be (-30)/9*(-6)/(-5). Let u be (-1)/2*(i - 0). Suppose -5*y + 3*y - 32 = -3*t, 5*y - 15 = -u*t. List the prime factors of t.
2, 5
Let q be 16/(-20)*5/(-2). Suppose 0 = q*j - 4*j. Suppose j = -2*k - 3 + 7. What are the prime factors of k?
2
Suppose 5*i = 4*l - 1268, i + 2*i = 2*l - 634. What are the prime factors of l?
317
Suppose x + 1 = 4*i - 0, 3*x = 2*i - 3. Suppose 3*z = 5*t - 84, 3*t + 4*z - 6*z - 51 = i. What are the prime factors of t?
3, 5
Let a(r) = -4*r - 21. List the prime factors of a(-12).
3
Suppose 4*g - 43 = 4*u - 5*u, 97 = 4*u + g. List the prime factors of u.
23
Suppose 0 = -2*o + 7*v - 3*v + 46, 0 = 3*o - 4*v - 77. What are the prime factors of o?
31
Let u(w) = 15*w + 4. Let m(j) = 1. Let x(v) = 3*m(v) - u(v). What are the prime factors of x(-1)?
2, 7
Suppose -3*o = -6 - 9. Suppose -3*l - 2*l + 20 = 0. List the prime factors of l/o*45/6.
2, 3
Suppose -s = -3*b - 15, s + 2*s + 11 = -5*b. Suppose -s*k + 40 = 3*u - 7*k, 2*u - 2*k = 28. List the prime factors of u.
2
Suppose -g + 0*g - 4 = 0. Let l = 15 + g. List the prime factors of l.
11
Let w(g) = -g**3 - 9*g**2 - 9*g - 3. Suppose -d + 33 = -u - 6*d, 2*u + 3*d = -31. What are the prime factors of w(u)?
5
Let p(s) = 7*s**3 - s**2 + 2*s - 1. Let z = 0 + 1. What are the prime factors of p(z)?
7
Let h = 0 - 0. Suppose 0*u + 5*u + z = 5, h = -2*u + 5*z + 29. Suppose q = u, 5*q = -r - 0*r + 15. What are the prime factors of r?
5
Suppose -1 = -l + 3. List the prime factors of l.
2
Let g(v) = -v**2 + 10*v - 7. Let j be g(9). Suppose -16 = r - j*r. What are the prime factors of r?
2
Suppose -3*k + s + 2*s = 33, k + 4*s - 4 = 0. Let i = k - -13. What are the prime factors of i?
5
What are the prime factors of (-195)/(-9) + (-4)/(-12)?
2, 11
Suppose -5*v + r + 4 = -7, 2*r - 8 = -5*v. Let s be v*2/((-4)/3). Let i = 16 - s. What are the prime factors of i?
19
Let b(i) = 3*i + 1. Let q be b(-1). Let c be 10*(0 - (-1)/q). List the prime factors of (8/5)/((-1)/c).
2
Suppose -2*r + 2*b + 0*b = -44, -b = r - 16. List the prime factors of r.
19
Suppose j + 837 = 4*j. List the prime factors of j.
3, 31
Let v = 32 - -44. List the prime factors of v.
2, 19
Suppose q + 0*q = -2*f, 5*q - 4*f = 70. Let i be -6 - (-1)/1*1. Let c = i + q. List the prime factors of c.
5
Let f = 7 - 4. Suppose f*v - 10 = -2*v. List the prime factors of 2/v - (0 + -3).
2
Let s(a) = -a**3 + 4*a**2 - 1. Suppose -2*h - 2*h = -8. What are the prime factors of s(h)?
7
Let s(j) = -7*j. Suppose 2*p - 4*p = 6, 4*x - 13 = 3*p. Let f be s(x). Let a = f - -17. List the prime factors of a.
2, 5
Let j(o) = -o**2 - o + 1. Let p(c) = -c**3 + 3*c - 3. Let u(z) = -6*j(z) - p(z). Let x be u(-5). Suppose -4*i + 3*i = -x. What are the prime factors of i?
7
Let h(u) be the second derivative of u**6/720 - u**5/120 - u**4/12 + 2*u. Let t(b) be the third derivative of h(b). List the prime factors of t(5).
2
Let r(w) = 17*w - 15. Let x(a) = -8*a + 7. Let g(k) = 6*r(k) + 13*x(k). What are the prime factors of g(-1)?
3
Let p = -2 + 4. Suppose -p*q = q. Suppose q*h - 24 = -3*h. List the prime factors of h.
2
List the prime factors of 2 + -3*-1*16/3.
2, 3
Let g = 45 + -9. Suppose -22 = 3*o - 4*s, -2*o - 2*o + 4*s = g. Let t = -7 - o. List the prime factors of t.
7
Let r(z) = z**2 - z - 5. Let x be r(4). Suppose j - x + 20 = 0. Let o = j - -27. List the prime factors of o.
2, 7
What are the prime factors of (-2)/(-3) + 633/9?
71
Suppose 4*q = 3*q. Suppose -15 = -q*x - 3*x - 5*i, 20 = 4*x + 3*i. List the prime factors of (6/(-4))/(x/(-20)).
2, 3
Let w = -4 + 19. Let d be 1 + -1 + (-15)/(-5). Suppose -d*t = w, -3*c - 2 = -2*c + 3*t. What are the prime factors of c?
13
Suppose -i + 39 = r - 6*r, -156 = -3*i + 2*r. List the prime factors of (-2)/9 - (-1794)/i.
3, 11
Let u = 166 - -18. What are the prime factors of u?
2, 23
Let y(a) be the first derivative of -a**2/2 + 21*a + 2. List the prime factors of y(0).
3, 7
Suppose 2*q + 2*f = -42, 132 = -0*q - 5*q + 4*f. Let j be (54/q)/(6/16). What are the prime factors of ((-15)/(-2))/((-3)/j)?
3, 5
Let c(q) = -q**3 - 5*q**2 - 7*q - 7. What are the prime factors of c(-4)?
5
Let a = -8 + 10. Let f(u) = a*u + 0*u - u**3 + 28 - 9 - 3*u. What are the prime factors of f(0)?
19
Let z = -3 - -3. Let v(g) = -2 + 6 + z*g**2 + g**2 + 6*g. What are the prime factors of v(-6)?
2
What are the prime factors of 4/(-6)*-57 - -1?
3, 13
Let l = 52 - 36. Suppose 4*n - 40 = l. What are the prime factors of n?
2, 7
Suppose 3*q - 5*y = 37, 4*q + 4*y = -y + 26. What are the prime factors of q?
3
Suppose -38 = -2*o - 2*x, -14 = -4*o + 2*o + 4*x. Let s = 26 - o. List the prime factors of s.
11
Let a(o) = o**3 - 9*o**2 + 8*o - 4. Let q be a(8). Let v be 9/(-6)*q/3. Suppose -16 = -4*r - 3*b + b, 0 = r + v*b - 10. List the prime factors of r.
2
Let i be (-3 - -8)/(-1*1). Let g = i - 4. Let k = g - -11. What are the prime factors of k?
2
Suppose -4*n + n = 12. Let p be (n/(-6))/((-7)/(-21)). Suppose p*m = 4*m - 10. What are the prime factors of m?
5
Let z = -13 - -17. What are the prime factors of 3 - (-20 + z) - 0?
19
Suppose 5*j + 4496 = 21*j. List the prime factors of j.
281
Let f(b) be the third derivative of -b**6/120 - b**5/20 - b**4/24 + b**3/2 + 3*b**2. List the prime factors of f(-4).
23
Let f = 6 - 5. Let s(t) = 6*t**2 - t - 1. Let c(w) = -w**2 - w. Let l(r) = f*s(r) + 3*c(r). List the prime factors of l(3).
2, 7
Suppose 53 + 1 = o. What are the prime factors of o?
2, 3
Let r(a) = 9*a**2 + 9*a + 8. Let i(t) = -5*t**2 - 4*t - 4. Let g(v) = 7*i(v) + 4*r(v). List the prime factors of g(-8).
2
Let v = 2 - 8. List the prime factors of (15 - -5) + v/2.
17
Let g(c) = 4*c - 2. Let i be g(2). Let f be i/(-8) + 22/8. What are the prime factors of ((-14)/3)/(f/(-3))?
7
Let k(q) = 18*q + 11 - 44*q + 25*q. Let w(i) = 8*i. Let d be w(-1). List the prime factors of k(d).
19
Let d(m) = 9*m + 1 - 13*m + 0*m**2 + m**2. What are the prime factors of d(7)?
2, 11
Suppose 5*m - 33 = -4*a + a, -40 = -4*m + a. Let b = m + -43. Let d = -16 - b. List the prime factors of d.
2, 3
Suppose 0 = 2*k + 3*d - 43, 0 = 3*k - 5*d - 104 - 8. What are the prime factors of k?
29
Suppose 2*y = -3*n + 101, -16 = 4*y + 4. List the prime factors of n.
37
Suppose -5*a = -3*c + 3, 0 = 4*c - 3*c + 4. Let u be 1/a + (-22)/(-3). Suppose -2*z + u = -5. What are the prime factors of z?
2, 3
Suppose 4*a + 12 = 4*g, -g = 2*a - 2*g + 1. List the prime factors of (-5 + a)*(-26)/6.
13
Suppose -4*l - 13 = -b - 2*b, -2 = 2*l. Suppose b*m + 5*u - 25 = u, 3*u + 6 = 0. What are the prime factors of m?
11
Let x = -63 - -36. Let f = 11 + -27. Let s = f - x. What are the prime factors of s?
11
Suppose -2*c - f + 72 = 0, 2*c - f + 5*f = 72. List the prime factors of c.
2, 3
What are the prime factors of (43/(-4))/(4/(-16))?
43
Suppose -10 = 2*g - 2*z, 5*g + 14 = 2*z + 1. List the prime factors of 2 + (1 - g) - -38.
2, 3, 7
Suppose -n - 5*r = -5*n + 36, 4*n - 12 = -r. Suppose -n*t = -2*t - 4. What are the prime factors of t?
2
Suppose -2*r - 3*r = -15. Suppose -2*b = 5*c - 21, -4*b = -r*c + 8 + 15. What are the prime factors of c?
5
Suppose 8 + 11 = p - 3*f, 64 = 3*p - 2*f. What are the prime factors of